Let g be q(x). What is i(g)?
1
Let r(l) = 3*l - 1. Let x(d) = -d**2 - 12*d - 6. Let i(a) = 6*r(a) + x(a). Give i(4).
-4
Let y(g) be the first derivative of -5*g + 1/3*g**3 + 13 - 9/2*g**2. Let f be y(10). Let x(k) = k**3 - 4*k**2 - 4*k - 7. Determine x(f).
-2
Let w(x) be the second derivative of -2/3*x**4 + 7/2*x**2 + 0 - 1/6*x**3 + 1/20*x**5 - 93*x. Calculate w(8).
-1
Let h(b) = -9*b**2 - 9 + 10*b - 4*b**3 - 14*b**3 - 13*b**3 + 32*b**3. Let k(j) = -j**2 + 7*j + 9. Let z be k(8). Let f be z + -1 - 1 - -9. What is h(f)?
7
Let a(w) = 28 - 365*w + 14 - 11 + 363*w. What is a(8)?
15
Let f(d) = 7*d**2 - d + 2. Let b(l) = 8*l**2 + 2. Let x(a) = -6*b(a) + 7*f(a). Suppose 2*k - 2*v = 6*k, -3*k + 10 = 4*v. Let o be 9/k*(-72)/108. Determine x(o).
-10
Let c(t) = t. Let w = 183 - 179. Let q(g) = 6*g - 32. Let n(m) = w*c(m) - q(m). Calculate n(14).
4
Let m(y) = 66303*y**3 + 11*y + 10*y**2 - 32*y + 6*y**2 - 66304*y**3 + 36. Give m(15).
-54
Suppose 3*c = c + 14. Suppose 10 = 3*o + 2*s, -2*o - 4*s + 16 = 2*o. Let u(b) = b**o + 4*b - 7 + 1 + c. What is u(-3)?
-2
Let a(i) = -3*i**3 + 10*i**2 + 8*i + 15. Let l(t) = -t**3 + 4*t**2 + 3*t + 7. Let b(o) = 2*a(o) - 5*l(o). Suppose -3*d = -8*d - 200. Let k = 40 + d. Give b(k).
-5
Let x(u) = 6*u**3 - 5*u**2 - 12*u - 9. Let i(l) = -7*l**3 + 4*l**2 + 11*l + 7. Let g(a) = 4*i(a) + 5*x(a). Give g(6).
-5
Let o(t) = t**3 - 8*t**2 - 7*t + 3. Let j be o(9). Let a be -1 - (1 + -3)*(2 + 1). Suppose -j = -2*i - a*i. Let b(s) = 7*s - 3. Give b(i).
18
Let m = 270 - 259. Let r(p) = -36 - p + 6*p**3 + 10*p**2 - m*p**3 - 11*p**2 + 4*p**3. Determine r(0).
-36
Let a(m) = 10*m - 2. Let f be a(-1). Let g = -4 - f. Let n(w) be the third derivative of -w**6/120 + 3*w**5/20 - w**4/4 - 11*w**3/6 + w**2 + 13. Calculate n(g).
5
Let s = -16 + 11. Let z(o) be the first derivative of o**5/120 - 69*o**3 + 113. Let l(j) be the third derivative of z(j). Calculate l(s).
-5
Suppose 0 = 2*z - 1862 + 1934. Let m(g) = -g**2 - 33*g + 91. Determine m(z).
-17
Let u be 2/((-12)/7 + 2/1). Suppose 0 = 13*x - u*x + 126. Let a be 40/6 - (-1)/(x/14). Let b(i) = i - 12. What is b(a)?
-6
Let t(m) be the third derivative of -m**5/10 - 13*m**4/6 - 17*m**3/6 + 8253*m**2. Give t(-8).
15
Let i be -4 - (((-50)/15)/10)/((-11)/(-198)). Let d(j) = -j**3 - 3*j + 7. What is d(i)?
-7
Let m(x) = -x**3 - x - 8. Let t = 482 + -481. Suppose -3*r = -2*g + 3, 5*g - 2*r + t = 3. Give m(g).
-8
Let p(r) be the first derivative of -r**3 + 3*r**2/2 + 3*r - 5. Let z = -184 + 186. Let c be (-15)/60*(z*-6 - 0). What is p(c)?
-15
Let c(o) = o**3 - 8*o**2 - 4. Let y = -160 + 156. Let h = y - -12. Determine c(h).
-4
Let s(w) = w**2 - 5*w + 6. Let g be s(4). Suppose u = 4 - g. Let n(q) = -2 - u - 4 + 1 + q. Determine n(-6).
-13
Let s(k) = 2*k**3 + 30*k - 47 + 113 + 25*k**2 - 53 - 42*k. Determine s(-13).
0
Let j(w) = 3*w**2 - 15*w + 95. Let n(b) = 8*b**2 - 44*b + 285. Let g(x) = 11*j(x) - 4*n(x). Let c(t) be the first derivative of g(t). Determine c(-5).
1
Let a(m) = 5*m**3 - 7*m - 7. Let s(t) = 2*t**3 - 3*t - 3. Let n(z) = 4*a(z) - 9*s(z). Suppose -960*v = -958*v + 4. Calculate n(v).
-15
Let z(l) be the first derivative of l**4/4 + l**2 + l - 12344. Suppose 2*o - 6 = -4*a, 2*a - a = 3*o - 16. Determine z(a).
-2
Let c(b) be the second derivative of b**6/360 + b**5/24 + 3*b**4/4 + 3*b**2/2 - 4*b + 20. Let v(p) be the third derivative of c(p). Calculate v(-5).
-5
Suppose g = 3*g - 14. Let c(l) = 3 - 12*l + 4*l + g + 7*l. Suppose 2*z = -6, 17*p - 6 = 15*p + 2*z. Calculate c(p).
10
Let q be 16/(-12)*(-18)/4. Let s(z) = z**3 - 4*z**2 + 7*z - 3. What is s(q)?
111
Let c(h) = 11*h**2 - 6*h + 10. Let v(t) = -24*t**2 + 14*t - 22. Let a(m) = -13*c(m) - 6*v(m). Let b be -15*((-32)/(-20) - 2). Give a(b).
2
Let b(q) = -q**2 - 61*q - 744. Let i be b(-18). Let x(y) = y**2 - 26*y - 131. What is x(i)?
-11
Let i(s) = s**3 - 8*s**2 + 37*s + 2. Let d be i(9). Let q = 401 - d. Let p(t) = t**2 + 14*t - 22. Determine p(q).
-7
Let s(g) be the third derivative of -g**6/360 - g**5/40 + 13*g**4/6 + 38*g**2 + 2. Let r(d) be the second derivative of s(d). Determine r(9).
-21
Let u(x) = 24 - 17*x - 4*x + 57*x - 24*x. What is u(6)?
96
Let i(w) = -w**2 - 3236 - 3236 + 6471 - 7*w. Determine i(0).
-1
Let q(s) = s**2 + 5*s + 4. Suppose 0 = -2*l + 4*u + 340, -26*u - 154 = -l - 28*u. Suppose -2*v = l - 156. Calculate q(v).
-2
Let y(k) = -11*k**2 + 21*k**3 + 14*k + 2*k + 13 + 4*k**3 - 24*k**3. What is y(10)?
73
Let c be 176 - (13 + -9 + -2). Suppose -5*k = g - 15, c*k = 169*k + 5*g + 45. Let d(w) = 2*w**2 - 6*w - 5. Determine d(k).
3
Let m(z) = z**2 - 64*z + 11. Let q(i) = 2*i**2 - 109*i + 22. Let v(u) = 5*m(u) - 3*q(u). Determine v(2).
-1
Let o(j) = 3*j**2 + 3*j. Suppose 3*l - 3 = 3*r + 12, 2*l - r = 5. Suppose l = 3*y - 3*b + 3, 3*y - 3 = -4*b - 13. What is o(y)?
6
Let v be 273/52 - 1/4. Suppose 2*k - 6 = 0, -15 + 0 = i - v*k. Let t(h) = h**2 - 7. What is t(i)?
-7
Let d(v) = 142 - v**2 - 241 + 106 - 4*v. Calculate d(-10).
-53
Suppose 0 = -14*h + 10*h + 8. Let x(a) be the first derivative of -a - 2/3*a**3 + 24 + 3/4*a**4 - 1/2*a**2. Give x(h).
13
Let o(h) = -h**2 - 9*h + 9. Let c(u) be the third derivative of -u**5/60 + u**4/24 + 11*u**3/2 - 8*u**2 + 5*u. Let w be c(-6). Determine o(w).
9
Suppose 25*l + 48 = 9*l. Let o(m) = 3*m + 0*m**3 + 0 - m**2 + 1 - m**3. Give o(l).
10
Let g(f) = -f - 19. Suppose -49*c - 602 = -6*c. Determine g(c).
-5
Let i(j) = -3*j. Let q(n) = -19*n - 32. Let x be q(-6). Let m = -61 + x. Suppose 4*t = 3*s - 1, 0 = -5*s - t - 8 - m. Give i(s).
15
Let s(p) be the third derivative of p**6/120 + 4*p**5/15 + 19*p**4/24 + 31*p**3/3 + 27*p**2 - 2*p. Give s(-15).
2
Let q(o) = o**3 + 7*o**2 - 2*o - 4. Let k be (-4 + 12 + -6)*17/2. Suppose 0 = -t - 1, -3*n = 5*t + 9 + k. Calculate q(n).
10
Let i(q) = 3*q - 8*q + q**3 + 2 + 2*q - 3*q**2 + q. Let y be 62/(-5) - (-26)/65. Let c be ((-3)/(-4))/((-3)/y). Give i(c).
-4
Suppose -144 + 72 = -6*a. Let p be (a/(-10))/(4/((-160)/6)). Let w(n) = -n**3 + 9*n**2 - 12*n + 5. Calculate w(p).
-27
Let g(m) = 5*m**2 + 3*m + 10. Let n = 328 + -325. Let k(h) = -2*h**2 + h. Let p(f) = n*k(f) + g(f). Calculate p(8).
-6
Let s = 20/63 + -19/126. Let v(a) be the third derivative of 1/60*a**5 - a**3 + 0*a + 20*a**2 + s*a**4 + 0. Give v(-6).
6
Let g(p) = p**3 - 5*p**2 - p + 4. Let t(j) = -2*j**3 + 12*j**2 - 7. Let l(w) = 5*g(w) + 2*t(w). Determine l(2).
0
Let w(a) = 9*a**3 - 4*a**2 + 7*a + 4. Let b(d) = 7*d**3 - 5*d**2 + 6*d + 3. Let p(x) = 4*b(x) - 3*w(x). Give p(8).
24
Let t(p) = -2*p + 1. Let j(s) = 2*s**2 + 5*s + 2. Let i be j(-3). Suppose -9*d - 4 = -i*d. Let z be (d/(-3))/(10/120). Give t(z).
-7
Let n(j) = -j**3 + j. Let l(o) = -5*o**3 + 2*o**2 + 3*o + 1. Let d(r) = -l(r) + 6*n(r). Let m = 116 - 87. Let t = m - 27. Give d(t).
-11
Let u(t) = -t**3 - 12*t**2 - 17*t + 40. Let z(i) = -i**3 - 12*i**2 - 18*i + 41. Let a(s) = 7*u(s) - 6*z(s). What is a(-10)?
-56
Let v(m) = m**3 + m**2 + 7. Suppose 2*k = -0*k - 28. Suppose -10*z + 23*z = 182. Let p = k + z. Determine v(p).
7
Suppose 1517*j - 124 = 1515*j + 3*z, 0 = -z. Let c(u) = -u**3 + 64*u**2 - 122*u - 127. What is c(j)?
-3
Let o(p) be the third derivative of 0*p + 1/24*p**4 + 1/60*p**5 - 4 + 8*p**2 + 35/6*p**3. Calculate o(0).
35
Let u be 8 + -12 - (6/(-2) - 22). Suppose -29*a - 8 = u. Let l(k) = k**3 - 2*k**2 - 2*k - 1. What is l(a)?
-2
Let l(j) = 5*j + 3. Let k(g) = g**2 - 6*g - 19. Let n be k(9). Let t be n/(48/9)*(-4)/6. What is l(t)?
-2
Let j(s) be the third derivative of -s**7/5040 + s**6/360 - s**5/5 + s**4/12 + 2*s**2. Let d(w) be the third derivative of j(w). Calculate d(-13).
15
Let k(v) = -348 - 621 + 54*v + 1588 - 400. Give k(-4).
3
Let x(y) = -3*y**2 + 13*y - 1. Let h(w) = 6*w**2 - 26*w. Let g(t) = -4*h(t) - 7*x(t). Let v(c) = -c**2 + 4*c + 2. Let s(q) = -2*g(q) + 7*v(q). Give s(2).
0
Suppose -9*q + 3*q - 2*t - 2 = 0, 2*t = -4*q - 4. Let w(s) = -22*s. What is w(q)?
-22
Let v(q) = q**3 + q**2 + q + 1. Let d(j) = j - 12. Let k be d(0). Let r(l) = 2*l + 29. Let b be r(k). Suppose b*g = g. Calculate v(g).
1
Let k(i) = -i**3 + 20*i**2 + 19*i + 9. Suppose 2211 = 163*y - 1212. Calculate k(y).
-33
Let j(a) = -22*a**2 + 22*a - 1. Let r(o) = 9*o**2 - 9*o + 1. Let f(t) = 2*j(t) + 5*r(t). What is f(9)?
75
Let a(u) = u - 7. Let c(l) = 5*l**3 